ctors of n.
29
What are the prime factors of 1 + (2 - 1)*1718?
3, 191
Suppose 3*y + 150 = -105. Let s = y - -133. What are the prime factors of s?
2, 3
Suppose -8*i - 2064 = -16*i. Suppose -206 = -4*y + i. What are the prime factors of y?
2, 29
Let k be 670/20*(0 - -4). Suppose -z = -h + 37, -5*h + k + 39 = z. List the prime factors of h.
5, 7
Let m(d) = 76*d**3 + d**2 + 2*d - 8*d + 4*d. What are the prime factors of m(1)?
3, 5
Suppose -18 - 7 = 5*z. Suppose -y = -5 - 7. List the prime factors of (z/2)/((-2)/y).
3, 5
Suppose 5*u = 3*r - 11, 2*u + 4*r + 5 = 5*r. What are the prime factors of 67*(u - (-1 + -4))?
67
Let r be -3 - 72/((-6)/2). Suppose -18*g = -r*g + 57. List the prime factors of g.
19
List the prime factors of (-2561 - 1)*8/(-8).
2, 3, 7, 61
Let m be 2/(-4) + (-124)/8 + 4. List the prime factors of 3/m + (-433)/(-4).
2, 3
Let a(j) = -2*j**3 + 7*j**2 - 4. Let k be a(3). Suppose 2*b - 321 = 5*f, 5*b - 840 - 50 = -k*f. List the prime factors of b.
173
Let o(r) be the second derivative of r**6/180 + r**4/6 - 4*r. Let s(n) be the third derivative of o(n). What are the prime factors of s(3)?
2, 3
Let t(j) = -11*j**3 + 2*j**2 + 2*j + 1. Let a be t(-1). Let f = a + -12. List the prime factors of (-7)/(1 + (f - 2)).
7
What are the prime factors of ((-76532)/(-159))/(2 + (-10)/6)?
2, 19
Let q(s) = -3*s**2 - s - 9. Let g be q(-5). Let l = 46 + g. List the prime factors of (-506)/l*3/2.
23
What are the prime factors of (36736/(-21))/(1 - (-24)/(-18))?
2, 41
Let q(z) = 316*z**2 + 9*z + 10. What are the prime factors of q(-1)?
317
Suppose -4*r + b + 1088 = -2937, 2*b + 1015 = r. What are the prime factors of r?
3, 5, 67
Suppose -7*v + 30 + 5 = 0. Suppose 3*c = -10*k + v*k + 24, k - 3*c = -6. Let f = 49 + k. List the prime factors of f.
2, 13
Let d = 8 - 5. Suppose -5*b - 251 = -2*o, 2 = -b + d*b. What are the prime factors of o?
2
Suppose r + 5*d = 48, -4*d - d + 15 = 0. Let u = 131 + r. What are the prime factors of u?
2, 41
Suppose 0 = 227*b - 223*b - 13716. What are the prime factors of b?
3, 127
Let p(s) = s**2 + 14*s - 8. Let g be p(10). Let v = -132 + g. What are the prime factors of v?
2, 5
Let o = 99 + -328. Let y = o + 333. List the prime factors of y.
2, 13
Let j(y) = -5*y**3 + y**2 + 2*y + 1. Let l be j(-1). Suppose 0 = l*k - 9*k + 620. List the prime factors of k.
5, 31
Let t = -3908 - -6307. List the prime factors of t.
2399
Let d(o) = -o**2 + 6*o - 10. Let j be d(-7). Let y = -32 - j. What are the prime factors of y?
3, 23
Let t be 1 + ((-6)/3 - 1). Let m(n) = 4*n**2 + 2. Let o be m(t). Suppose -14 = -2*l + o. What are the prime factors of l?
2
Suppose 4*b - 894 = 4*c - 4070, 5*c = 2*b + 3979. What are the prime factors of c?
797
Let o be (-8)/(-20)*-10*(-1)/(-2). List the prime factors of 33/22 + (-445)/o.
2, 7
Suppose -13*l + 50*l - 142931 = 0. What are the prime factors of l?
3863
Suppose 2*j + 1322 = 4*y - 270, -4*y + 1586 = -5*j. What are the prime factors of y?
3, 7, 19
Suppose -6*i + 33 = -111. Suppose -4*v + 31 = 5*x - 0*v, -4*x - 3*v = -i. List the prime factors of (68/6 + -1)*x.
31
Suppose -1147 = -8*a + 3421. What are the prime factors of a?
571
Suppose -2*q + 19*q = 25568. List the prime factors of q.
2, 47
Let o(a) = -a**3 - 6*a**2 + 3*a - 24. Let v be o(-7). Suppose -8*w + 2508 = v*w. What are the prime factors of w?
11, 19
Let r(u) = 241*u**2 + 2*u. Suppose -4*m = o + 5 - 0, 0 = 2*o + m + 3. List the prime factors of r(o).
239
Let n be (-4)/3*6/4. Let s(y) = 8 + 3*y - 6*y - 11. List the prime factors of s(n).
3
What are the prime factors of (-2 + -5)*254*(-5)/10?
7, 127
Let z(l) = -l**2 + 8*l + 3. Let a be z(-5). Let i = a - -311. What are the prime factors of i?
3, 83
Let r = 14 - 19. Let z be (r - (-4)/2)*-7. Suppose -4*c = -z - 67. List the prime factors of c.
2, 11
Suppose -4*q - 1 = -9. Suppose -5*n + q*n - 3 = 0. What are the prime factors of (n/(-3))/(4/180)?
3, 5
Let a be (4 - 2)*(-3)/(-2). Suppose 3*f - 93 = -5*u + f, -4*u - a*f + 80 = 0. What are the prime factors of u?
17
Suppose -194 = -2*d - 14. Let p = -20 + d. List the prime factors of p.
2, 5, 7
Let d be (-11)/(-4) - 2/(-8). Let n be (-2 - 4) + d - -1. List the prime factors of n/4 + (-27)/(-2).
13
Suppose 9*z = 4*z - 20. List the prime factors of 935/(3 - -2) + z.
3, 61
Suppose -3*y = -5*y + 190. List the prime factors of ((-76)/y)/(2/(-50)).
2, 5
Suppose -2*o - 14 = -4*o. Let u = 0 + o. Let f = -4 + u. What are the prime factors of f?
3
Let o = -81 - -117. Let y be (2/(-3))/((-3)/((-4104)/(-16))). Let r = y - o. What are the prime factors of r?
3, 7
Suppose -4 = -p + 2*d - 5, 5*p = -4*d + 23. Suppose -3*n - p*q + 141 = 0, q - 41 = -3*n + 90. List the prime factors of n.
2, 3, 7
Let n be (-1)/3*(-1 + 52). Let z(r) = r - 10. Let j be z(-9). Let x = n - j. List the prime factors of x.
2
Let j(k) = 2*k**2 + 4*k - 1. Let p(h) = -2*h**2 - 3*h + 1. Let c(v) = -2*j(v) - 3*p(v). Let b be c(-3). Suppose b = 3*y + 5. List the prime factors of y.
3
Let t be (17 + -17)*(-1)/(-4). Suppose t = 3*h - 86 - 106. What are the prime factors of h?
2
Let o = 5060 - 3161. List the prime factors of o.
3, 211
What are the prime factors of 154/13 - (-22)/143?
2, 3
Let r(c) = 3 - 7 + 2 - 3*c + 3. Let w be r(4). Let a = w + 23. What are the prime factors of a?
2, 3
Suppose 2 = -2*d + 56. What are the prime factors of d?
3
Let z = 257 - 224. List the prime factors of z.
3, 11
Suppose -30 - 50 = -2*r - 5*l, 4*r - 208 = 2*l. Let b = 19 + r. List the prime factors of b.
3, 23
Suppose -3*l + 95 = c, 0 = -3*c + 4*c + l - 89. Let z = 164 - c. What are the prime factors of z?
2, 3, 13
Suppose -3*q - 213 + 1212 = 0. Suppose -5*v + 4*a = -q - 187, -5*a = 2*v - 208. What are the prime factors of v?
2, 13
What are the prime factors of 66158/418*(2 + 9)?
1741
Suppose -39*y + 41*y - 5*h - 1056 = 0, -h - 2640 = -5*y. List the prime factors of y.
2, 3, 11
Let y(c) = 2*c**2 + 2*c - 12. Let i be y(-11). Suppose 4*x = 528 + i. What are the prime factors of ((-2)/(-8))/(2/x)?
23
Suppose -t = -6*m + 3*m + 347, 3*t = -m + 119. Let f = m + 17. What are the prime factors of f?
7, 19
Let w = 7777 + -3975. What are the prime factors of w?
2, 1901
Let b(d) = -2 + 2 + 3*d + 4*d. Let q be b(2). Suppose -3*z + 4*v + 65 = 0, -z + 7 = -2*v - q. What are the prime factors of z?
23
Let h = 325 + -174. Suppose -528 - h = -7*u. What are the prime factors of u?
97
Suppose -2*t + 24 = 5*y, 8 = -3*y + 7*y. Let w = -9 + t. Let l = 16 + w. List the prime factors of l.
2, 7
Let p(b) = 3*b**2 + 10*b - 9. Let j be p(-5). Suppose -19*s + j*s + 129 = 0. List the prime factors of s.
43
Let b = -47 - -60. Suppose 5*a - 472 = b. What are the prime factors of a?
97
Suppose 0 = -24*d + 13363 + 1253. List the prime factors of d.
3, 7, 29
Suppose -3*z = 2*z - 4*x - 2602, 2*z - 2*x = 1042. What are the prime factors of z?
2, 7, 37
Let j = 33 - 61. List the prime factors of j/(-35) + 1773/15.
7, 17
Let n(r) = 31*r**2 - 8*r + 29. What are the prime factors of n(3)?
2, 71
List the prime factors of (-33168)/(-36) - (-2)/3.
2, 461
Let u(x) = 6*x**2 - 4*x - 1. Let t be ((-6)/(-3) - 4)*-2. List the prime factors of u(t).
79
Let u = -100 - -206. List the prime factors of u/4 + 12/(-8).
5
Let u(m) = -m**3 - 12*m**2 - 9*m - 13. List the prime factors of u(-14).
5, 101
Let n = -9 + 14. Suppose -n*f - 10 - 10 = 0, 3*b - 4*f = 337. What are the prime factors of b?
107
Let p = 923 + 364. What are the prime factors of p?
3, 11, 13
Let n = 13 + -8. Suppose 4*b = 5*b - n. Suppose -b*a + 35 = -105. What are the prime factors of a?
2, 7
Suppose -j + 1338 = 540. List the prime factors of j/8 - (27/(-12))/9.
2, 5
Suppose 1729 = 111*g - 104*g. What are the prime factors of g?
13, 19
Let f(t) = -t**2 - 30*t + 107. List the prime factors of f(-18).
17, 19
Let j(y) = 14*y**3 - y**2 - 6*y + 7. Let f be j(2). Let t = f - 56. Let n = t + 35. List the prime factors of n.
2, 41
Let v(w) = -17*w + 1. Suppose 5*h - 2*u + 10 = u, -10 = 5*h - 4*u. List the prime factors of v(h).
5, 7
Suppose -10635 = -5*d - 27*i + 28*i, 0 = -5*d + 4*i + 10620. What are the prime factors of d?
2, 7, 19
Let c be 12/3 - (-3 - -4). Suppose c*q = -3*q + 480. List the prime factors of q.
2, 5
Let w = -395 - -636. What are the prime factors of w?
241
Suppose b + 60 = 5*b. Suppose 